{"id":274,"date":"2017-09-11T13:12:43","date_gmt":"2017-09-11T11:12:43","guid":{"rendered":"http:\/\/s696921229.online.de\/?page_id=274"},"modified":"2019-03-22T16:12:34","modified_gmt":"2019-03-22T15:12:34","slug":"impressum","status":"publish","type":"page","link":"https:\/\/ergotherapie-baser.de\/index.php\/impressum\/","title":{"rendered":"Impressum"},"content":{"rendered":"<div class=\"title-section\">\n<div class=\"container triggerAnimation animated bounceIn\" data-animate=\"bounceIn\" style=\"\">\n<h1>Impressum<\/h1>\n<div class=\"dotted-line\"><span><\/span><\/div>\n<\/p><\/div>\n<\/div>\n<hr \/>\n<p style=\"text-align: center; margin-bottom: 10px; line-height: 1;\"><strong>ERGOLIFE THERAPIE<\/strong><\/p>\n<p style=\"text-align: center; margin-bottom: 30px; line-height: 1;\">Praxis f\u00fcr Ergotherapie<\/p>\n<p style=\"text-align: center; margin-bottom: 10px; line-height: 1;\"><strong>Firmensitz:<\/strong> Vorstadtstra\u00dfe 16, 97816 Lohr am Main, Deutschland<\/p>\n<p style=\"text-align: center; margin-bottom: 10px; line-height: 1;\"><strong>Gesch\u00e4ftsf\u00fchrer:<\/strong> Maria Baser<\/p>\n<p style=\"text-align: center; margin-bottom: 10px; line-height: 1;\"><strong>Registrierung:<\/strong> Amtsgericht W\u00fcrzburg HRB 11345<\/p>\n<p style=\"text-align: center; margin-bottom: 10px; line-height: 1;\"><strong>\u00a0<\/strong><\/p>\n","protected":false},"excerpt":{"rendered":"<p>Impressum ERGOLIFE THERAPIE Praxis f\u00fcr Ergotherapie Firmensitz: Vorstadtstra\u00dfe 16, 97816 Lohr am Main, Deutschland Gesch\u00e4ftsf\u00fchrer: Maria Baser Registrierung: Amtsgericht W\u00fcrzburg HRB 11345 \u00a0<\/p>\n","protected":false},"author":1,"featured_media":0,"parent":0,"menu_order":0,"comment_status":"closed","ping_status":"closed","template":"","meta":[],"_links":{"self":[{"href":"https:\/\/ergotherapie-baser.de\/index.php\/wp-json\/wp\/v2\/pages\/274"}],"collection":[{"href":"https:\/\/ergotherapie-baser.de\/index.php\/wp-json\/wp\/v2\/pages"}],"about":[{"href":"https:\/\/ergotherapie-baser.de\/index.php\/wp-json\/wp\/v2\/types\/page"}],"author":[{"embeddable":true,"href":"https:\/\/ergotherapie-baser.de\/index.php\/wp-json\/wp\/v2\/users\/1"}],"replies":[{"embeddable":true,"href":"https:\/\/ergotherapie-baser.de\/index.php\/wp-json\/wp\/v2\/comments?post=274"}],"version-history":[{"count":17,"href":"https:\/\/ergotherapie-baser.de\/index.php\/wp-json\/wp\/v2\/pages\/274\/revisions"}],"predecessor-version":[{"id":378,"href":"https:\/\/ergotherapie-baser.de\/index.php\/wp-json\/wp\/v2\/pages\/274\/revisions\/378"}],"wp:attachment":[{"href":"https:\/\/ergotherapie-baser.de\/index.php\/wp-json\/wp\/v2\/media?parent=274"}],"curies":[{"name":"wp","href":"https:\/\/api.w.org\/{rel}","templated":true}]}}